 the highest common divisor of 1270 and 12820?
10
What is the greatest common divisor of 2711436 and 36?
12
Calculate the highest common divisor of 29359 and 51.
17
Calculate the greatest common factor of 4537 and 78.
13
Calculate the greatest common divisor of 836552 and 3816.
424
Calculate the highest common factor of 568107 and 477.
477
What is the highest common factor of 1 and 25057?
1
What is the greatest common divisor of 1652068 and 396?
44
What is the greatest common factor of 2307508 and 854?
854
Calculate the highest common divisor of 3519 and 42573.
69
What is the greatest common factor of 244 and 76494?
122
What is the highest common factor of 95420 and 1040?
260
What is the greatest common factor of 595143 and 623?
89
Calculate the greatest common factor of 44577 and 1053.
351
What is the highest common divisor of 1313 and 357439?
101
Calculate the highest common factor of 627 and 587461.
19
Calculate the highest common divisor of 59867 and 131.
131
Calculate the greatest common factor of 347657 and 76391.
1559
Calculate the highest common divisor of 945 and 88515.
315
Calculate the greatest common factor of 36 and 35199.
9
What is the highest common divisor of 117369 and 6417?
207
Calculate the highest common factor of 1944 and 14316.
12
What is the highest common factor of 16326 and 162?
18
What is the highest common factor of 59150 and 14?
14
Calculate the highest common factor of 28458 and 55539.
459
Calculate the greatest common divisor of 2726865 and 90.
45
What is the highest common divisor of 43692 and 704?
44
What is the highest common divisor of 6 and 850767?
3
What is the greatest common factor of 9992812 and 538?
538
What is the highest common factor of 188 and 1135238?
94
What is the highest common divisor of 21543 and 3225?
129
Calculate the highest common divisor of 1499045 and 865.
865
Calculate the greatest common divisor of 140 and 24696.
28
What is the greatest common factor of 14700 and 2295300?
2100
Calculate the greatest common factor of 63668 and 143.
11
Calculate the highest common factor of 68926 and 572.
286
What is the greatest common factor of 115370 and 2502?
278
Calculate the highest common factor of 1536 and 41728.
256
What is the highest common divisor of 83970 and 60?
30
What is the greatest common divisor of 68 and 13607140?
68
What is the highest common factor of 116340 and 11940?
60
Calculate the greatest common factor of 124 and 1017482.
62
What is the greatest common factor of 39296 and 307?
307
Calculate the highest common factor of 206932 and 22.
22
Calculate the greatest common divisor of 22152 and 9152.
104
Calculate the greatest common divisor of 1056 and 90618.
66
Calculate the highest common divisor of 33631 and 338.
169
Calculate the highest common factor of 245041 and 1585.
317
Calculate the greatest common divisor of 240207 and 33.
33
Calculate the greatest common factor of 4626608 and 2424.
808
What is the highest common divisor of 80 and 4426720?
80
Calculate the highest common factor of 98360 and 80.
40
Calculate the greatest common factor of 3608 and 92488.
88
Calculate the highest common divisor of 11358 and 198.
18
Calculate the greatest common factor of 496408 and 80.
8
Calculate the highest common divisor of 81205 and 14900.
745
What is the greatest common divisor of 309 and 877354?
103
What is the highest common divisor of 1515 and 1721545?
505
Calculate the highest common factor of 297 and 115533.
297
Calculate the greatest common divisor of 904 and 4952.
8
Calculate the greatest common factor of 5020 and 7240.
20
Calculate the greatest common factor of 214082 and 222.
74
Calculate the highest common divisor of 41536 and 308.
44
What is the greatest common divisor of 10 and 79340?
10
Calculate the greatest common divisor of 81 and 2026539.
81
What is the greatest common factor of 6 and 126369?
3
Calculate the greatest common factor of 404996 and 1236.
412
What is the greatest common factor of 186464 and 16?
16
Calculate the greatest common factor of 4816 and 532.
28
What is the greatest common factor of 195 and 40245?
15
Calculate the highest common factor of 2542111 and 87.
29
What is the highest common factor of 730432 and 96?
32
Calculate the highest common divisor of 3116 and 319636.
164
Calculate the highest common factor of 23329 and 1722.
41
What is the greatest common factor of 2076029 and 211?
211
Calculate the highest common divisor of 10290 and 30.
30
Calculate the highest common factor of 666 and 1062.
18
What is the greatest common divisor of 977 and 11?
1
Calculate the greatest common divisor of 8372 and 439712.
364
Calculate the greatest common factor of 1962301 and 627.
209
Calculate the greatest common factor of 416 and 49120.
32
Calculate the greatest common divisor of 21 and 1523865.
21
Calculate the greatest common factor of 634 and 387691.
317
Calculate the greatest common divisor of 99 and 197307.
99
What is the highest common factor of 373000 and 260?
20
What is the highest common factor of 440056 and 1072?
536
What is the highest common divisor of 37568 and 128?
64
Calculate the greatest common factor of 192941 and 112.
7
Calculate the highest common factor of 600 and 3488.
8
What is the greatest common factor of 389 and 1640413?
389
Calculate the highest common factor of 16780 and 320.
20
What is the highest common divisor of 19261957 and 143?
143
What is the highest common divisor of 288 and 336240?
144
What is the highest common factor of 243 and 39?
3
What is the greatest common divisor of 97665 and 15?
15
Calculate the greatest common factor of 492 and 75891.
123
Calculate the highest common divisor of 60 and 34836.
12
What is the greatest common divisor of 16492 and 248?
124
Calculate the highest common divisor of 30216 and 1044970.
2518
What is the highest common divisor of 11039 and 175?
7
What is the highest common divisor of 9453270 and 30?
30
Calculate the greatest common factor of 1730 and 1038.
346
What is the greatest common factor of 716144 and 5434?
286
Calculate the highest common factor of 2308637 and 1.
1
What is the highest common divisor of 80 and 211832?
8
What is the greatest common factor of 1288 and 33810?
322
What is the greatest common divisor of 525 and 1267?
7
What is the highest common divisor of 137277 and 14?
7
Calculate the highest common divisor of 276432 and 26.
26
What is the highest common factor of 195852 and 40?
4
What is the greatest common factor of 2415 and 1587?
69
What is the greatest common factor of 46823 and 567?
7
What is the highest common divisor of 54 and 1495044?
54
What is the highest common divisor of 7628 and 371865?
1907
Calculate the highest common divisor of 1256 and 936.
8
Calculate the greatest common factor of 2032 and 1616.
16
What is the greatest common divisor of 15560 and 5057?
389
Calculate the highest common divisor of 580888 and 22.
22
Calculate the greatest common factor of 40492 and 212.
212
What is the highest common divisor of 703021 and 395?
79
What is the greatest common factor of 572 and 26004?
44
Calculate the greatest common divisor of 152 and 5377.
19
Calculate the greatest common factor of 45839 and 781256.
1993
What is the greatest common factor of 29655 and 207?
9
What is the highest common factor of 10420299 and 501?
501
Calculate the highest common divisor of 32 and 698144.
32
What is the highest common divisor of 1989 and 7683?
39
What is the highest common divisor of 11554526 and 34?
34
Calculate the greatest common factor of 1434573 and 441.
441
What is the highest common factor of 2900 and 13920?
580
Calculate the greatest common factor of 34695 and 270.
135
What is the highest common factor of 27565 and 925?
185
Calculate the highest common factor of 1944 and 15264.
72
What is the highest common factor of 19236 and 10164?
84
What is the highest common divisor of 232225 and 7?
7
What is the greatest common factor of 18690 and 9030?
210
What is the greatest common divisor of 350 and 56476?
14
What is the greatest common divisor of 77 and 2912?
7
What is the highest common factor of 12 and 266922?
6
What is the greatest common factor of 2960 and 703?
37
What is the highest common factor of 2334360 and 240?
120
What is the greatest common factor of 13002 and 295